{"id":1028,"date":"2021-04-14T12:24:09","date_gmt":"2021-04-14T16:24:09","guid":{"rendered":"https:\/\/www.leviosa.ca\/clients\/saccadewp\/?post_type=product&#038;p=1028"},"modified":"2023-10-05T15:47:04","modified_gmt":"2023-10-05T19:47:04","slug":"horaire-de-temps-saccade-2","status":"publish","type":"product","link":"https:\/\/saccade.ca\/en\/materiel-specialise\/horaire-de-temps-saccade-2\/","title":{"rendered":"Horaire de temps SACCADE"},"content":{"rendered":"<p><strong>AUTEUR :<\/strong> Brigitte Harrisson et Lise St-Charles<br \/>\n<strong>2007<\/strong><\/p>\n<p>Cet outil de structure de temps est con\u00e7u sp\u00e9cifiquement selon les besoins de la structure autistique et permet \u00e0 la personne autiste de d\u00e9velopper sa notion de temps. Ce mod\u00e8le s\u2019adresse \u00e0 la personne qui maitrise d\u00e9j\u00e0 l\u2019horaire d\u2019espace.<\/p>\n","protected":false},"excerpt":{"rendered":"AUTEUR : Brigitte Harrisson et Lise St-Charles 2007 Cet outil de structure de temps est con\u00e7u sp\u00e9cifiquement selon les besoins de la structure autistique et permet \u00e0 la personne autiste de d\u00e9velopper sa notion de temps. Ce mod\u00e8le s\u2019adresse \u00e0 la personne qui maitrise d\u00e9j\u00e0 l\u2019horaire d\u2019espace.","protected":false},"featured_media":1024,"template":"","meta":{"_acf_changed":false},"product_brand":[],"product_cat":[18],"product_tag":[],"class_list":{"0":"post-1028","1":"product","2":"type-product","3":"status-publish","4":"has-post-thumbnail","6":"product_cat-boutique","8":"first","9":"instock","10":"taxable","11":"shipping-taxable","12":"purchasable","13":"product-type-simple"},"acf":[],"yoast_head":"<!-- This site is optimized with the Yoast SEO plugin v25.4 - https:\/\/yoast.com\/wordpress\/plugins\/seo\/ -->\n<title>Horaire de temps SACCADE - Saccade - Centre d&#039;expertise en autisme<\/title>\n<meta name=\"robots\" content=\"index, follow, max-snippet:-1, max-image-preview:large, max-video-preview:-1\" \/>\n<link rel=\"canonical\" href=\"https:\/\/saccade.ca\/materiel-specialise\/horaire-de-temps-saccade-2\/\" \/>\n<meta property=\"og:locale\" content=\"en_US\" \/>\n<meta property=\"og:type\" content=\"article\" \/>\n<meta property=\"og:title\" content=\"Horaire de temps SACCADE - Saccade - Centre d&#039;expertise en autisme\" \/>\n<meta property=\"og:description\" content=\"AUTEUR : Brigitte Harrisson et Lise St-Charles 2007 Cet outil de structure de temps est con\u00e7u sp\u00e9cifiquement selon les besoins de la structure autistique et permet \u00e0 la personne autiste de d\u00e9velopper sa notion de temps. Ce mod\u00e8le s\u2019adresse \u00e0 la personne qui maitrise d\u00e9j\u00e0 l\u2019horaire d\u2019espace.\" \/>\n<meta property=\"og:url\" content=\"https:\/\/saccade.ca\/materiel-specialise\/horaire-de-temps-saccade-2\/\" \/>\n<meta property=\"og:site_name\" content=\"Saccade - Centre d&#039;expertise en autisme\" \/>\n<meta property=\"article:modified_time\" content=\"2023-10-05T19:47:04+00:00\" \/>\n<meta property=\"og:image\" content=\"https:\/\/saccade.ca\/wp-content\/uploads\/2021\/04\/horaire-temps-mnk9r.jpg\" \/>\n\t<meta property=\"og:image:width\" content=\"580\" \/>\n\t<meta property=\"og:image:height\" content=\"600\" \/>\n\t<meta property=\"og:image:type\" content=\"image\/jpeg\" \/>\n<meta name=\"twitter:card\" content=\"summary_large_image\" \/>\n<script type=\"application\/ld+json\" class=\"yoast-schema-graph\">{\"@context\":\"https:\/\/schema.org\",\"@graph\":[{\"@type\":\"WebPage\",\"@id\":\"https:\/\/saccade.ca\/materiel-specialise\/horaire-de-temps-saccade-2\/\",\"url\":\"https:\/\/saccade.ca\/materiel-specialise\/horaire-de-temps-saccade-2\/\",\"name\":\"Horaire de temps SACCADE - Saccade - Centre d&#039;expertise en autisme\",\"isPartOf\":{\"@id\":\"https:\/\/saccade.ca\/#website\"},\"primaryImageOfPage\":{\"@id\":\"https:\/\/saccade.ca\/materiel-specialise\/horaire-de-temps-saccade-2\/#primaryimage\"},\"image\":{\"@id\":\"https:\/\/saccade.ca\/materiel-specialise\/horaire-de-temps-saccade-2\/#primaryimage\"},\"thumbnailUrl\":\"https:\/\/saccade.ca\/wp-content\/uploads\/2021\/04\/horaire-temps-mnk9r.jpg\",\"datePublished\":\"2021-04-14T16:24:09+00:00\",\"dateModified\":\"2023-10-05T19:47:04+00:00\",\"breadcrumb\":{\"@id\":\"https:\/\/saccade.ca\/materiel-specialise\/horaire-de-temps-saccade-2\/#breadcrumb\"},\"inLanguage\":\"en-US\",\"potentialAction\":[{\"@type\":\"ReadAction\",\"target\":[\"https:\/\/saccade.ca\/materiel-specialise\/horaire-de-temps-saccade-2\/\"]}]},{\"@type\":\"ImageObject\",\"inLanguage\":\"en-US\",\"@id\":\"https:\/\/saccade.ca\/materiel-specialise\/horaire-de-temps-saccade-2\/#primaryimage\",\"url\":\"https:\/\/saccade.ca\/wp-content\/uploads\/2021\/04\/horaire-temps-mnk9r.jpg\",\"contentUrl\":\"https:\/\/saccade.ca\/wp-content\/uploads\/2021\/04\/horaire-temps-mnk9r.jpg\",\"width\":580,\"height\":600},{\"@type\":\"BreadcrumbList\",\"@id\":\"https:\/\/saccade.ca\/materiel-specialise\/horaire-de-temps-saccade-2\/#breadcrumb\",\"itemListElement\":[{\"@type\":\"ListItem\",\"position\":1,\"name\":\"Accueil\",\"item\":\"https:\/\/saccade.ca\/en\/\"},{\"@type\":\"ListItem\",\"position\":2,\"name\":\"Mat\u00e9riel sp\u00e9cialis\u00e9\",\"item\":\"https:\/\/saccade.ca\/materiel-specialise\/\"},{\"@type\":\"ListItem\",\"position\":3,\"name\":\"Horaire de temps SACCADE\"}]},{\"@type\":\"WebSite\",\"@id\":\"https:\/\/saccade.ca\/#website\",\"url\":\"https:\/\/saccade.ca\/\",\"name\":\"Saccade - Centre d&#039;expertise en autisme\",\"description\":\"Une \u00e9quipe de professionnels multidisciplinaires et sp\u00e9cialis\u00e9s en autisme\",\"publisher\":{\"@id\":\"https:\/\/saccade.ca\/#organization\"},\"potentialAction\":[{\"@type\":\"SearchAction\",\"target\":{\"@type\":\"EntryPoint\",\"urlTemplate\":\"https:\/\/saccade.ca\/?s={search_term_string}\"},\"query-input\":{\"@type\":\"PropertyValueSpecification\",\"valueRequired\":true,\"valueName\":\"search_term_string\"}}],\"inLanguage\":\"en-US\"},{\"@type\":\"Organization\",\"@id\":\"https:\/\/saccade.ca\/#organization\",\"name\":\"SACCADE - Centre d'expertise en autisme\",\"url\":\"https:\/\/saccade.ca\/\",\"logo\":{\"@type\":\"ImageObject\",\"inLanguage\":\"en-US\",\"@id\":\"https:\/\/saccade.ca\/#\/schema\/logo\/image\/\",\"url\":\"https:\/\/saccade.ca\/wp-content\/uploads\/2021\/07\/logoFacture.png\",\"contentUrl\":\"https:\/\/saccade.ca\/wp-content\/uploads\/2021\/07\/logoFacture.png\",\"width\":400,\"height\":168,\"caption\":\"SACCADE - Centre d'expertise en autisme\"},\"image\":{\"@id\":\"https:\/\/saccade.ca\/#\/schema\/logo\/image\/\"}}]}<\/script>\n<!-- \/ Yoast SEO plugin. -->","yoast_head_json":{"title":"Horaire de temps SACCADE - Saccade - Centre d&#039;expertise en autisme","robots":{"index":"index","follow":"follow","max-snippet":"max-snippet:-1","max-image-preview":"max-image-preview:large","max-video-preview":"max-video-preview:-1"},"canonical":"https:\/\/saccade.ca\/materiel-specialise\/horaire-de-temps-saccade-2\/","og_locale":"en_US","og_type":"article","og_title":"Horaire de temps SACCADE - Saccade - Centre d&#039;expertise en autisme","og_description":"AUTEUR : Brigitte Harrisson et Lise St-Charles 2007 Cet outil de structure de temps est con\u00e7u sp\u00e9cifiquement selon les besoins de la structure autistique et permet \u00e0 la personne autiste de d\u00e9velopper sa notion de temps. Ce mod\u00e8le s\u2019adresse \u00e0 la personne qui maitrise d\u00e9j\u00e0 l\u2019horaire d\u2019espace.","og_url":"https:\/\/saccade.ca\/materiel-specialise\/horaire-de-temps-saccade-2\/","og_site_name":"Saccade - Centre d&#039;expertise en autisme","article_modified_time":"2023-10-05T19:47:04+00:00","og_image":[{"width":580,"height":600,"url":"https:\/\/saccade.ca\/wp-content\/uploads\/2021\/04\/horaire-temps-mnk9r.jpg","type":"image\/jpeg"}],"twitter_card":"summary_large_image","schema":{"@context":"https:\/\/schema.org","@graph":[{"@type":"WebPage","@id":"https:\/\/saccade.ca\/materiel-specialise\/horaire-de-temps-saccade-2\/","url":"https:\/\/saccade.ca\/materiel-specialise\/horaire-de-temps-saccade-2\/","name":"Horaire de temps SACCADE - Saccade - Centre d&#039;expertise en autisme","isPartOf":{"@id":"https:\/\/saccade.ca\/#website"},"primaryImageOfPage":{"@id":"https:\/\/saccade.ca\/materiel-specialise\/horaire-de-temps-saccade-2\/#primaryimage"},"image":{"@id":"https:\/\/saccade.ca\/materiel-specialise\/horaire-de-temps-saccade-2\/#primaryimage"},"thumbnailUrl":"https:\/\/saccade.ca\/wp-content\/uploads\/2021\/04\/horaire-temps-mnk9r.jpg","datePublished":"2021-04-14T16:24:09+00:00","dateModified":"2023-10-05T19:47:04+00:00","breadcrumb":{"@id":"https:\/\/saccade.ca\/materiel-specialise\/horaire-de-temps-saccade-2\/#breadcrumb"},"inLanguage":"en-US","potentialAction":[{"@type":"ReadAction","target":["https:\/\/saccade.ca\/materiel-specialise\/horaire-de-temps-saccade-2\/"]}]},{"@type":"ImageObject","inLanguage":"en-US","@id":"https:\/\/saccade.ca\/materiel-specialise\/horaire-de-temps-saccade-2\/#primaryimage","url":"https:\/\/saccade.ca\/wp-content\/uploads\/2021\/04\/horaire-temps-mnk9r.jpg","contentUrl":"https:\/\/saccade.ca\/wp-content\/uploads\/2021\/04\/horaire-temps-mnk9r.jpg","width":580,"height":600},{"@type":"BreadcrumbList","@id":"https:\/\/saccade.ca\/materiel-specialise\/horaire-de-temps-saccade-2\/#breadcrumb","itemListElement":[{"@type":"ListItem","position":1,"name":"Accueil","item":"https:\/\/saccade.ca\/en\/"},{"@type":"ListItem","position":2,"name":"Mat\u00e9riel sp\u00e9cialis\u00e9","item":"https:\/\/saccade.ca\/materiel-specialise\/"},{"@type":"ListItem","position":3,"name":"Horaire de temps SACCADE"}]},{"@type":"WebSite","@id":"https:\/\/saccade.ca\/#website","url":"https:\/\/saccade.ca\/","name":"Saccade - Centre d&#039;expertise en autisme","description":"Une \u00e9quipe de professionnels multidisciplinaires et sp\u00e9cialis\u00e9s en autisme","publisher":{"@id":"https:\/\/saccade.ca\/#organization"},"potentialAction":[{"@type":"SearchAction","target":{"@type":"EntryPoint","urlTemplate":"https:\/\/saccade.ca\/?s={search_term_string}"},"query-input":{"@type":"PropertyValueSpecification","valueRequired":true,"valueName":"search_term_string"}}],"inLanguage":"en-US"},{"@type":"Organization","@id":"https:\/\/saccade.ca\/#organization","name":"SACCADE - Centre d'expertise en autisme","url":"https:\/\/saccade.ca\/","logo":{"@type":"ImageObject","inLanguage":"en-US","@id":"https:\/\/saccade.ca\/#\/schema\/logo\/image\/","url":"https:\/\/saccade.ca\/wp-content\/uploads\/2021\/07\/logoFacture.png","contentUrl":"https:\/\/saccade.ca\/wp-content\/uploads\/2021\/07\/logoFacture.png","width":400,"height":168,"caption":"SACCADE - Centre d'expertise en autisme"},"image":{"@id":"https:\/\/saccade.ca\/#\/schema\/logo\/image\/"}}]}},"_links":{"self":[{"href":"https:\/\/saccade.ca\/en\/wp-json\/wp\/v2\/product\/1028","targetHints":{"allow":["GET"]}}],"collection":[{"href":"https:\/\/saccade.ca\/en\/wp-json\/wp\/v2\/product"}],"about":[{"href":"https:\/\/saccade.ca\/en\/wp-json\/wp\/v2\/types\/product"}],"wp:featuredmedia":[{"embeddable":true,"href":"https:\/\/saccade.ca\/en\/wp-json\/wp\/v2\/media\/1024"}],"wp:attachment":[{"href":"https:\/\/saccade.ca\/en\/wp-json\/wp\/v2\/media?parent=1028"}],"wp:term":[{"taxonomy":"product_brand","embeddable":true,"href":"https:\/\/saccade.ca\/en\/wp-json\/wp\/v2\/product_brand?post=1028"},{"taxonomy":"product_cat","embeddable":true,"href":"https:\/\/saccade.ca\/en\/wp-json\/wp\/v2\/product_cat?post=1028"},{"taxonomy":"product_tag","embeddable":true,"href":"https:\/\/saccade.ca\/en\/wp-json\/wp\/v2\/product_tag?post=1028"}],"curies":[{"name":"wp","href":"https:\/\/api.w.org\/{rel}","templated":true}]}}

<p><strong>AUTEUR :</strong> Brigitte Harrisson et Lise St-Charles<br />
<strong>2007</strong></p>
<p>Cet outil de structure de temps est conçu spécifiquement selon les besoins de la structure autistique et permet à la personne autiste de développer sa notion de temps. Ce modèle s’adresse à la personne qui maitrise déjà l’horaire d’espace.</p>

AUTEUR : Brigitte Harrisson et Lise St-Charles 2007 Cet outil de structure de temps est conçu spécifiquement selon les besoins de la structure autistique et permet à la personne autiste de développer sa notion de temps. Ce modèle s’adresse à la personne qui maitrise déjà l’horaire d’espace.

<!-- This site is optimized with the Yoast SEO plugin v25.4 - https://yoast.com/wordpress/plugins/seo/ -->
<title>Horaire de temps SACCADE - Saccade - Centre d&#039;expertise en autisme</title>
<meta name="robots" content="index, follow, max-snippet:-1, max-image-preview:large, max-video-preview:-1" />
<link rel="canonical" href="https://saccade.ca/materiel-specialise/horaire-de-temps-saccade-2/" />
<meta property="og:locale" content="en_US" />
<meta property="og:type" content="article" />
<meta property="og:title" content="Horaire de temps SACCADE - Saccade - Centre d&#039;expertise en autisme" />
<meta property="og:description" content="AUTEUR : Brigitte Harrisson et Lise St-Charles 2007 Cet outil de structure de temps est conçu spécifiquement selon les besoins de la structure autistique et permet à la personne autiste de développer sa notion de temps. Ce modèle s’adresse à la personne qui maitrise déjà l’horaire d’espace." />
<meta property="og:url" content="https://saccade.ca/materiel-specialise/horaire-de-temps-saccade-2/" />
<meta property="og:site_name" content="Saccade - Centre d&#039;expertise en autisme" />
<meta property="article:modified_time" content="2023-10-05T19:47:04+00:00" />
<meta property="og:image" content="https://saccade.ca/wp-content/uploads/2021/04/horaire-temps-mnk9r.jpg" />
	<meta property="og:image:width" content="580" />
	<meta property="og:image:height" content="600" />
	<meta property="og:image:type" content="image/jpeg" />
<meta name="twitter:card" content="summary_large_image" />
<script type="application/ld+json" class="yoast-schema-graph">{"@context":"https://schema.org","@graph":[{"@type":"WebPage","@id":"https://saccade.ca/materiel-specialise/horaire-de-temps-saccade-2/","url":"https://saccade.ca/materiel-specialise/horaire-de-temps-saccade-2/","name":"Horaire de temps SACCADE - Saccade - Centre d&#039;expertise en autisme","isPartOf":{"@id":"https://saccade.ca/#website"},"primaryImageOfPage":{"@id":"https://saccade.ca/materiel-specialise/horaire-de-temps-saccade-2/#primaryimage"},"image":{"@id":"https://saccade.ca/materiel-specialise/horaire-de-temps-saccade-2/#primaryimage"},"thumbnailUrl":"https://saccade.ca/wp-content/uploads/2021/04/horaire-temps-mnk9r.jpg","datePublished":"2021-04-14T16:24:09+00:00","dateModified":"2023-10-05T19:47:04+00:00","breadcrumb":{"@id":"https://saccade.ca/materiel-specialise/horaire-de-temps-saccade-2/#breadcrumb"},"inLanguage":"en-US","potentialAction":[{"@type":"ReadAction","target":["https://saccade.ca/materiel-specialise/horaire-de-temps-saccade-2/"]}]},{"@type":"ImageObject","inLanguage":"en-US","@id":"https://saccade.ca/materiel-specialise/horaire-de-temps-saccade-2/#primaryimage","url":"https://saccade.ca/wp-content/uploads/2021/04/horaire-temps-mnk9r.jpg","contentUrl":"https://saccade.ca/wp-content/uploads/2021/04/horaire-temps-mnk9r.jpg","width":580,"height":600},{"@type":"BreadcrumbList","@id":"https://saccade.ca/materiel-specialise/horaire-de-temps-saccade-2/#breadcrumb","itemListElement":[{"@type":"ListItem","position":1,"name":"Accueil","item":"https://saccade.ca/en/"},{"@type":"ListItem","position":2,"name":"Matériel spécialisé","item":"https://saccade.ca/materiel-specialise/"},{"@type":"ListItem","position":3,"name":"Horaire de temps SACCADE"}]},{"@type":"WebSite","@id":"https://saccade.ca/#website","url":"https://saccade.ca/","name":"Saccade - Centre d&#039;expertise en autisme","description":"Une équipe de professionnels multidisciplinaires et spécialisés en autisme","publisher":{"@id":"https://saccade.ca/#organization"},"potentialAction":[{"@type":"SearchAction","target":{"@type":"EntryPoint","urlTemplate":"https://saccade.ca/?s={search_term_string}"},"query-input":{"@type":"PropertyValueSpecification","valueRequired":true,"valueName":"search_term_string"}}],"inLanguage":"en-US"},{"@type":"Organization","@id":"https://saccade.ca/#organization","name":"SACCADE - Centre d'expertise en autisme","url":"https://saccade.ca/","logo":{"@type":"ImageObject","inLanguage":"en-US","@id":"https://saccade.ca/#/schema/logo/image/","url":"https://saccade.ca/wp-content/uploads/2021/07/logoFacture.png","contentUrl":"https://saccade.ca/wp-content/uploads/2021/07/logoFacture.png","width":400,"height":168,"caption":"SACCADE - Centre d'expertise en autisme"},"image":{"@id":"https://saccade.ca/#/schema/logo/image/"}}]}</script>
<!-- / Yoast SEO plugin. -->

Matériel spécialisé

Une équipe de professionnels multidisciplinaires et spécialisés en autisme
